 = -14*o - 10. Let p be (-1)/(-2)*0/(-2). Calculate the remainder when k(-3) is divided by 13 - 1*(2 + p).
10
Suppose 11*d + 44 - 165 = 0. What is the remainder when 64 is divided by d?
9
Let c = 197 + -166. What is the remainder when 153 is divided by c?
29
Let a(k) = -4*k + 2. What is the remainder when a(-4) is divided by (-21)/2*(-6)/9?
4
Suppose 0 = c - 23 - 0. Suppose -2*n + 1 = 9. Let f(b) = b**2 + 2*b + 4. What is the remainder when c is divided by f(n)?
11
Suppose x = 92 + 77. What is the remainder when x is divided by 43?
40
Let z(i) = i**3 - 13*i**2 + 6*i + 24. What is the remainder when z(13) is divided by 15?
12
Let k = -3 + 6. Suppose k*w - 205 = -2*w. Calculate the remainder when w is divided by 14.
13
Let a be 21 - (1 + 3 + -2). Let r = a + -11. What is the remainder when 22 is divided by r?
6
Let c be (2/6 - -2)*3. Suppose -5*n - 3*b + c = 0, 5*n - 7*b + 3*b = -21. Let p(s) = -27*s - 1. Calculate the remainder when p(n) is divided by 9.
8
Suppose 132 = 5*r - 3. What is the remainder when 80 is divided by r?
26
Let l be ((-1)/(-2))/(3/36). Suppose l*a - a = 200. Suppose -2*r - a = -4*r. What is the remainder when r is divided by 11?
9
Suppose j - 6*j + 17 = 2*l, -3*j + 19 = -l. Suppose -44 = -j*i + 256. What is the remainder when i is divided by 31?
29
Calculate the remainder when 33 is divided by (-312)/(-15) + 6/30.
12
Let b(r) = 5*r**3 + r**2. Let w(q) = 6*q**3 + q**2. Let o(u) = -4*b(u) + 3*w(u). Calculate the remainder when (-282)/10*(1 + (-32)/12) is divided by o(-2).
11
Let t be (-3)/(-1) - (-6)/(-2). Suppose 0 = -t*d - 2*d + 30. Suppose -3*m + 0 = -d. Calculate the remainder when 14 is divided by m.
4
Suppose k - 6*k + 105 = 0. What is the remainder when 62 is divided by k?
20
Suppose -3*n + 349 = 7. Calculate the remainder when n is divided by 39.
36
Suppose -6*u + u = -4*h - 59, -80 = -4*u - 5*h. Calculate the remainder when u is divided by 4.
3
Let s(c) = -c - 1. Let a be s(-3). Let k = 32 - a. What is the remainder when k is divided by 16?
14
Suppose 1 = 2*h - 11. What is the remainder when h is divided by 2?
0
Let l = 3 + -3. Suppose n + 9 = -4*f + f, 5*n - 2*f - 6 = l. Suppose -4*d + 76 - 28 = n. What is the remainder when 35 is divided by d?
11
Suppose 3*v = 18 + 123. Calculate the remainder when v is divided by 8.
7
Suppose 4*n = 3*a - 161 + 658, 4*a = 4. What is the remainder when n is divided by 32?
29
Let b = -112 + 126. Calculate the remainder when 17 is divided by b.
3
Suppose -7*m + 3*m = 5*q - 37, -m = 2. Calculate the remainder when 31 is divided by q.
4
Suppose -l + 5*i + 20 = l, -4*l + i + 76 = 0. What is the remainder when 78 is divided by l?
18
What is the remainder when -3*(128/(-6) + -1) is divided by 14?
11
Calculate the remainder when 82 is divided by 1/2 - -2*161/28.
10
Suppose -2*q + 26 = 2*q + l, 0 = -3*q + 2*l + 25. What is the remainder when 1*((-2)/(-4))/((-12)/(-312)) is divided by q?
6
Let a = -25 - -42. Calculate the remainder when 66 is divided by a.
15
Let u = 16 + 30. Calculate the remainder when u is divided by 24.
22
Let n(b) = b**3 + 5*b**2 - 5*b + 8. Let p be n(-6). Suppose 3*r = 4*s - 10, -r + 2*r + 4 = p*s. What is the remainder when 20 is divided by s/(-2*(-1)/22)?
9
Suppose -2*b + 7 = -1. Suppose 2*d = -w + 6, 1 - 22 = -d + b*w. Calculate the remainder when (-1)/4 + (-148)/(-16) is divided by d.
4
Let k = 41 - 28. Suppose 0 = -4*c - 5*l + 77 - 14, -5*l - 56 = -3*c. Let v = c + -10. What is the remainder when k is divided by v?
6
Suppose 96 = p - 3*d, d + 2*d + 15 = 0. Suppose 14 = 4*f - s - 49, 5*f - 2*s - p = 0. What is the remainder when (-3)/(5/((-420)/9)) is divided by f?
13
Suppose 4*d = 12 + 148. Suppose 0 = -a - 3*a - 4*m + d, 4 = -4*m. What is the remainder when 19 is divided by a?
8
Suppose -2*d = 4*k - 248, -k = -3*d - 0*k + 358. Calculate the remainder when d is divided by 32.
24
Calculate the remainder when 10 is divided by 3*(-4)/(-6) - -2.
2
Let a(p) = 7*p + 16. What is the remainder when a(17) is divided by 46?
43
Suppose -3*a = -2*a - 4*f - 7, 21 = 3*a - f. Let c = a + 7. Calculate the remainder when 27 is divided by c.
13
Suppose 9*u - 115 - 110 = 0. What is the remainder when 91 is divided by u?
16
Let l = -2 + 5. Suppose 3*n - 174 = -l*p - 0*n, 3*p + 4*n = 179. Calculate the remainder when p is divided by 18.
17
Let l(z) = 2*z - 5 + 5*z**2 + 4 + 0. Calculate the remainder when l(3) is divided by 13.
11
Let a(h) = 3*h**3 - 1 - 5*h**3 - 5*h + h**3 + 4*h**2 + 9*h. Let c be 0 - (-3)/((-6)/(-8)). Calculate the remainder when 27 is divided by a(c).
12
Let q = -30 - -54. What is the remainder when q is divided by (-230)/(-18) - (-4)/18?
11
Let h(y) = 3 - 2 - 2 + y + 4. What is the remainder when 19 is divided by h(4)?
5
Let g be (-127)/(-4) + (-8)/(-32). Let u = 61 - g. What is the remainder when u is divided by 15?
14
Let k(l) = l**2 + 6*l + 4. Let x = 6 - 3. What is the remainder when k(-6) is divided by x?
1
Suppose 0 = 2*b - 8 - 0. Calculate the remainder when 6 is divided by b.
2
Let z(k) = 2*k**2 + 2. Calculate the remainder when z(-4) is divided by (4 + 0 + -3)*9.
7
Let j = 6 + -4. Let v be 4/(-14) - 130/(-14). Suppose 0 = 4*b - v - 11. Calculate the remainder when b is divided by j.
1
Let x be 2/((-1)/4 - 0). What is the remainder when 11 is divided by 1*15*x/(-20)?
5
Suppose -g + 17 = -3*s, 0 = -0*g - g + 2*s + 15. Suppose d - 3*d = 52. What is the remainder when g is divided by d/(-7) - 2/(-7)?
3
Let v be (50/6)/(6/36). Suppose -u = -v + 8. Calculate the remainder when u is divided by 15.
12
Suppose 0 = -0*x + 5*x - p - 103, 4*p = -12. Calculate the remainder when 38 is divided by x.
18
Let r be (-8)/(-36) + (-70)/(-9). Suppose n = 2 + r. Calculate the remainder when 17 is divided by n.
7
Let u = 96 - 91. Calculate the remainder when 32 is divided by u.
2
Let i(n) = -n**3 + 4*n**2 + 3*n + 2. Let q be i(5). Let k be (q - 1) + 1 + 1. What is the remainder when k/((-3)/(-2) + -2) is divided by 5?
4
Let n = 11 + 1. Suppose -n = -3*i + 3*d, -d + 56 - 15 = 4*i. Suppose -7*r = -8*r + 5. What is the remainder when i is divided by r?
4
Suppose s - 90 = -2*s. Suppose 2*l = -4*b + l + 34, 3*l - s = -3*b. Let m(h) = -h**2 + 8*h + 5. Calculate the remainder when 9 is divided by m(b).
4
Let k be (-7)/(-21) - (-4)/(-3). What is the remainder when (1 + -35)*k/2 is divided by 5?
2
Suppose 0 = -2*w + 24 + 26. Suppose 0 = 5*b + 15, 6*i = 4*i - 3*b + 3. Let v = 7 + i. Calculate the remainder when w is divided by v.
12
Suppose 10*a - 170 = 5*a. Suppose -2*l = -3*l - 24. Let v = l + a. What is the remainder when 19 is divided by v?
9
Let w = -9 - -21. Let y = 29 + 6. What is the remainder when y is divided by w?
11
Let l(a) be the third derivative of -a**5/60 - a**4/3 + 2*a**3 + 4*a**2. Suppose -b - 1 = -2. What is the remainder when l(-9) is divided by b?
0
Suppose -2*x - 3*x + 4*c = 175, -21 = x + 2*c. Let t(q) = q**3 + 7*q**2 - 2*q - 6. Let z be t(-5). Let k = z + x. What is the remainder when k is divided by 8?
7
Suppose -2*q - 15 = -3*n, 2*q + 0 = -n + 5. Suppose 2*w = n*w. Suppose w = 2*g - 3 - 29. What is the remainder when g is divided by 6?
4
Suppose 3*p = -3, -n - 31 = -3*n - 5*p. Calculate the remainder when 125 is divided by n.
17
Let i = 8 - -3. Calculate the remainder when 17 is divided by i.
6
Let u = -6 + 18. Calculate the remainder when 71 is divided by u.
11
Suppose -4*h + 3*h = -8. Let u(i) = i + 16. What is the remainder when h is divided by u(-13)?
2
Suppose -2*y + 6*y = -n + 25, -15 = 5*n. Calculate the remainder when (12/10)/((-8)/(-160)) is divided by y.
3
Suppose -4*k = -5*t - 59, k + t = -15 + 41. Suppose -4*a + u = 14 - 43, -3*u = -4*a + 23. Calculate the remainder when k is divided by a.
5
Let m = -2 + 4. Suppose -26 = -2*v - m*p, 2*v + 2*p - 47 = 7*p. What is the remainder when 45 is divided by v?
13
Let x(y) = y**3 - 3*y**2 - 4*y + 5. What is the remainder when 12 is divided by x(4)?
2
Let h be (0 + 0)/(18/(-6)). Suppose 4*v - 19 - 65 = h. Calculate the remainder when v is divided by 12.
9
Suppose -4*t + 174 = -4*i + 2*i, 5*i = -25. Calculate the remainder when 158 is divided by t.
35
Suppose -t = n - 55, -2*n = 3*t - 0*t - 163. Calculate the remainder when t is divided by 29.
24
Calculate the remainder when 1 + -2 + (13 - 1) is divided by 3.